{"id":5575,"date":"2019-08-20T14:33:54","date_gmt":"2019-08-20T13:33:54","guid":{"rendered":"https:\/\/www.tji.dk\/?page_id=5575"},"modified":"2024-11-20T14:40:24","modified_gmt":"2024-11-20T13:40:24","slug":"indbygningsskab","status":"publish","type":"page","link":"https:\/\/www.tji.dk\/index.php\/indbygningsskab\/","title":{"rendered":"Indbygningsskab"},"content":{"rendered":"<div class=\"wpb-content-wrapper\"><p>[vc_row][vc_column width=&#8221;2\/3&#8243;][vc_custom_heading text=&#8221;Indbygningsskab&#8221; google_fonts=&#8221;font_family:Arimo%3Aregular%2Citalic%2C700%2C700italic|font_style:400%20regular%3A400%3Anormal&#8221;][vc_column_text]Tj\u00e6reborg Industri har sit eget design og produktion af indbygningsskab til nybyggeri. Klassisk og tidl\u00f8s design og i h\u00f8j kvalitet. Skabet er fremstillet af glasfiber.[\/vc_column_text][vc_custom_heading text=&#8221;Fordelene ved indbygningsskab fra Tj\u00e6reborg Industri er mange&#8221; font_container=&#8221;tag:h3|text_align:left&#8221; google_fonts=&#8221;font_family:Arimo%3Aregular%2Citalic%2C700%2C700italic|font_style:400%20regular%3A400%3Anormal&#8221; css=&#8221;.vc_custom_1714561361715{margin-top: 50px !important;margin-bottom: 15px !important;padding-left: 15px !important;background-color: #77aab6 !important;}&#8221; el_class=&#8221;round_corners&#8221;][vc_column_text css=&#8221;&#8221;]<\/p>\n<ul>\n<li>Let og hurtig montage.<\/li>\n<li>Kan monteres i alle typer huse.<\/li>\n<li>Ingen problemer med at grundvand eller nedb\u00f8r tr\u00e6nger ind igennem soklen.<\/li>\n<li>Standard farve er gr\u00e5, men kan fremstilles i flere farver (min antal p\u00e5 30 stk.)<\/li>\n<li>Ventiler kan betjenes og serviceres igennem l\u00e5gen. Fordel ogs\u00e5 for varmev\u00e6rket.<\/li>\n<li>Varmetab minimeres da skabet er fuld isoleret med 10 mm flamingo.<\/li>\n<li>L\u00e5gen er fastgjort med l\u00e5s.<\/li>\n<li>Da skabet er fremstillet af glasfiber, kan signal fra m\u00e5ler, sendes uden problemer til varmev\u00e6rkets afm\u00e5lingsudstyr.<\/li>\n<\/ul>\n<p>[\/vc_column_text][vc_custom_heading text=&#8221;Monteringsvejledning til indbygningsskab&#8221; font_container=&#8221;tag:h3|text_align:left&#8221; google_fonts=&#8221;font_family:Arimo%3Aregular%2Citalic%2C700%2C700italic|font_style:400%20regular%3A400%3Anormal&#8221; css=&#8221;.vc_custom_1714561390022{margin-top: 50px !important;margin-bottom: 15px !important;padding-left: 15px !important;background-color: #77aab6 !important;}&#8221; el_class=&#8221;round_corners&#8221;][vc_column_text css=&#8221;.vc_custom_1714561383424{margin-bottom: 50px !important;}&#8221;]<\/p>\n<ul>\n<li>Murhul H x B x D: 612 x 360 x 231<\/li>\n<li>Hullet skal v\u00e6re korrekt udf\u00f8rt f\u00f8r stikledning og skab monteres.<\/li>\n<\/ul>\n<p>[\/vc_column_text][\/vc_column][vc_column width=&#8221;1\/3&#8243;][vc_custom_heading text=&#8221;Eksempler&#8221; font_container=&#8221;tag:h3|text_align:left&#8221; google_fonts=&#8221;font_family:Arimo%3Aregular%2Citalic%2C700%2C700italic|font_style:400%20regular%3A400%3Anormal&#8221; css=&#8221;.vc_custom_1714560424998{margin-bottom: 15px !important;padding-left: 15px !important;background-color: #77aab6 !important;}&#8221; el_class=&#8221;round_corners&#8221;][vc_media_grid element_width=&#8221;12&#8243; gap=&#8221;25&#8243; item=&#8221;masonryMedia_SlideWithTitleAndCaption&#8221; css=&#8221;.vc_custom_1714560757049{margin-top: 10px !important;}&#8221; grid_id=&#8221;vc_gid:1732098616290-0a1569bd-aa21-7&#8243; include=&#8221;9028,5585&#8243;][\/vc_column][\/vc_row][vc_row type=&#8221;vc_default&#8221;][vc_column][vc_custom_heading text=&#8221;Dimensioner&#8221; font_container=&#8221;tag:h3|text_align:left&#8221; google_fonts=&#8221;font_family:Arimo%3Aregular%2Citalic%2C700%2C700italic|font_style:400%20regular%3A400%3Anormal&#8221; css=&#8221;.vc_custom_1732100262512{margin-top: 15px !important;margin-bottom: 15px !important;padding-left: 15px !important;background-color: #77aab6 !important;}&#8221; el_class=&#8221;round_corners&#8221;][\/vc_column][\/vc_row][vc_row type=&#8221;vc_default&#8221; content_placement=&#8221;middle&#8221;][vc_column width=&#8221;1\/3&#8243;][vc_single_image image=&#8221;13917&#8243; img_size=&#8221;full&#8221; alignment=&#8221;center&#8221; css=&#8221;&#8221; image_hovers=&#8221;false&#8221;][\/vc_column][vc_column width=&#8221;2\/3&#8243;][vc_row_inner][vc_column_inner width=&#8221;1\/2&#8243;][vc_column_text css=&#8221;&#8221;]<\/p>\n<h3 style=\"text-align: center;\"><strong>Model 1<\/strong><\/h3>\n<table class=\"standardtable\" style=\"border-style: solid; border-width: 1px; border-collapse: collapse; width: 100%; margin-right: 0px; margin-left: 0px;\">\n<tbody>\n<tr>\n<td style=\"text-align: right; border-style: solid; border-width: 1px;\">H\u00f8jde:<\/td>\n<td style=\"border-style: solid; border-width: 1px;\">\u00a0592 mm.<\/td>\n<\/tr>\n<tr>\n<td style=\"text-align: right; border-style: solid; border-width: 1px;\">Bredde:<\/td>\n<td style=\"border-style: solid; border-width: 1px;\">\u00a0350 mm.<\/td>\n<\/tr>\n<tr>\n<td style=\"text-align: right; border-style: solid; border-width: 1px;\">Dybde:<\/td>\n<td style=\"border-style: solid; border-width: 1px;\">\u00a0211 mm.<\/td>\n<\/tr>\n<\/tbody>\n<\/table>\n<p>[\/vc_column_text][\/vc_column_inner][vc_column_inner width=&#8221;1\/2&#8243;][vc_column_text css=&#8221;&#8221;]<\/p>\n<h3 style=\"text-align: center;\"><strong>Model 2<br \/>\n<\/strong><\/h3>\n<table class=\"standardtable\" style=\"border-style: solid; border-width: 1px; border-collapse: collapse; width: 100%; margin-right: 0px; margin-left: 0px;\">\n<tbody>\n<tr>\n<td style=\"text-align: right; border-style: solid; border-width: 1px;\">H\u00f8jde:<\/td>\n<td style=\"border-style: solid; border-width: 1px;\">\u00a0592 mm.<\/td>\n<\/tr>\n<tr>\n<td style=\"text-align: right; border-style: solid; border-width: 1px;\">Bredde:<\/td>\n<td style=\"border-style: solid; border-width: 1px;\">\u00a0350 mm.<\/td>\n<\/tr>\n<tr>\n<td style=\"text-align: right; border-style: solid; border-width: 1px;\">Dybde:<\/td>\n<td style=\"border-style: solid; border-width: 1px;\">\u00a0295 mm.<\/td>\n<\/tr>\n<\/tbody>\n<\/table>\n<p>[\/vc_column_text][\/vc_column_inner][\/vc_row_inner][vc_column_text css=&#8221;&#8221;]Alle leverancer og ydelser sker i henhold til vores <a class=\"fancy_link_a\" href=\"https:\/\/www.tji.dk\/wp-content\/uploads\/2016\/01\/Salgs-og-leveringsbetingelser-fra-TI-19-1.pdf\" target=\"_blank\" rel=\"noopener noreferrer\">salgs- og leveringsbetingelser.<\/a>[\/vc_column_text][\/vc_column][\/vc_row]<\/p>\n<\/div>","protected":false},"excerpt":{"rendered":"<p>[vc_row][vc_column width=&#8221;2\/3&#8243;][vc_custom_heading text=&#8221;Indbygningsskab&#8221; google_fonts=&#8221;font_family:Arimo%3Aregular%2Citalic%2C700%2C700italic|font_style:400%20regular%3A400%3Anormal&#8221;][vc_column_text]Tj\u00e6reborg Industri har sit eget design og produktion af indbygningsskab til nybyggeri. Klassisk og tidl\u00f8s design og i h\u00f8j kvalitet. Skabet er fremstillet af glasfiber.[\/vc_column_text][vc_custom_heading text=&#8221;Fordelene ved indbygningsskab fra Tj\u00e6reborg Industri er mange&#8221; font_container=&#8221;tag:h3|text_align:left&#8221; google_fonts=&#8221;font_family:Arimo%3Aregular%2Citalic%2C700%2C700italic|font_style:400%20regular%3A400%3Anormal&#8221; css=&#8221;.vc_custom_1714561361715{margin-top: 50px !important;margin-bottom: 15px !important;padding-left: 15px !important;background-color: #77aab6 !important;}&#8221; el_class=&#8221;round_corners&#8221;][vc_column_text css=&#8221;&#8221;] Let og hurtig montage. Kan monteres&hellip;<\/p>\n","protected":false},"author":7,"featured_media":0,"parent":0,"menu_order":0,"comment_status":"closed","ping_status":"closed","template":"","meta":{"_sitemap_exclude":false,"_sitemap_priority":"","_sitemap_frequency":"","footnotes":""},"class_list":["post-5575","page","type-page","status-publish","hentry","description-off"],"_links":{"self":[{"href":"https:\/\/www.tji.dk\/index.php\/wp-json\/wp\/v2\/pages\/5575","targetHints":{"allow":["GET"]}}],"collection":[{"href":"https:\/\/www.tji.dk\/index.php\/wp-json\/wp\/v2\/pages"}],"about":[{"href":"https:\/\/www.tji.dk\/index.php\/wp-json\/wp\/v2\/types\/page"}],"author":[{"embeddable":true,"href":"https:\/\/www.tji.dk\/index.php\/wp-json\/wp\/v2\/users\/7"}],"replies":[{"embeddable":true,"href":"https:\/\/www.tji.dk\/index.php\/wp-json\/wp\/v2\/comments?post=5575"}],"version-history":[{"count":24,"href":"https:\/\/www.tji.dk\/index.php\/wp-json\/wp\/v2\/pages\/5575\/revisions"}],"predecessor-version":[{"id":13440,"href":"https:\/\/www.tji.dk\/index.php\/wp-json\/wp\/v2\/pages\/5575\/revisions\/13440"}],"wp:attachment":[{"href":"https:\/\/www.tji.dk\/index.php\/wp-json\/wp\/v2\/media?parent=5575"}],"curies":[{"name":"wp","href":"https:\/\/api.w.org\/{rel}","templated":true}]}}